et g(s) = s**2 - 66. Let a be g(7). Determine n(a).
-33
Let n(l) = -l**3 - l**2 - 1. Suppose 34 - 27 = f. Let r(o) = -328*o - 3*o**3 + 0 + 323*o + 1 - f*o**2. Let p(m) = 2*n(m) - r(m). Give p(-4).
-7
Suppose -3*j = 2*x - 8*j + 16, j = 4. Let w(l) = x - 4 - 18*l + 4 + 15*l. Determine w(-7).
23
Suppose -75 = -2*b - 3*s, 0 = 5*b + 4*s - 8*s - 245. Suppose 13*n - b = 10*n. Let t(u) = u**2 - n*u - 11*u - 5 + 27*u. Determine t(0).
-5
Let v(t) be the first derivative of t**4/4 + 2*t**3 + 7*t**2/2 + 35. Suppose 4*c = 3*c - 5. Determine v(c).
-10
Let f(s) = -s**3 - 5*s**2 + 4*s - 16. Let x be 3/(-18) + 70/(-12). Let i be f(x). Let w(j) = 4*j**2 - j + 2 + 4*j**3 + 0 - 3*j**3. What is w(i)?
6
Suppose -3*x + 42*x = -31*x + 6*x. Let m(y) = 4*y**2 - 4*y + 0*y**2 + 10 - 2*y**2. Let c(s) = -5*s**2 + 9*s - 21. Let h(w) = -3*c(w) - 7*m(w). What is h(x)?
-7
Suppose -262*o = -257*o - 10. Let u(m) = 7*m**2 - 5*m + 23. Let x(q) = -3*q**2 + 2*q - 10. Let a(s) = o*u(s) + 5*x(s). Suppose 2*w - 4*w = 6. Calculate a(w).
-13
Let i(s) = -s**3 - s**2 + 4*s + 3. Let w(a) = a**2 - 2*a - 10. Let b be w(4). Let v be (1 - (6 - -2))/(b/(-16)). Let d = v - -54. Calculate i(d).
-1
Let j be (-1)/((-2)/4) + -1. Let q be j*(-7 - (0 + 0)). Let l(w) = 1176*w - 3. Let m(n) = 19995*n - 47. Let k(f) = 17*l(f) - m(f). Determine k(q).
17
Let l(h) = -h - 1. Let n be l(-8). Let t(j) = 128 - 135 + 300*j - 149*j - 157*j + j**2. What is t(n)?
0
Let r(k) = 8*k**3 - k + 1. Let b = 259 - 258. Give r(b).
8
Let u(b) = -3*b**3 - b**2 + 2. Let y(x) = -8*x**3 - 3*x**2 + 7. Let n(s) = 3*u(s) - y(s). Give n(0).
-1
Let s(z) = 2 - 4*z + 6 - 9 + 3*z + 8 + 8*z + z**2. Let d be (54/(-3))/3 + 0. What is s(d)?
1
Let p(h) = 1691*h - 563*h + 5*h**2 - 4*h**2 - 563*h - 557*h + 18. Give p(-8).
18
Let r(m) = 2*m**2 + 6 - m - 4 - 1 + 0*m**2. Let y be r(1). Let o(i) = -y*i + 8*i + 0*i - i. What is o(-2)?
-10
Suppose -53*o + 58*o = 15. Let n(g) = -g**3 + 4*g**2 + 2*g + 4. What is n(o)?
19
Let f be 12/7 - ((-6)/(-7))/(-3). Let q(b) = 7 + 688*b**2 - 7*b - 348*b**f - 341*b**2. What is q(-6)?
13
Let s(n) be the third derivative of -n**4/12 - 7*n**3/2 + n**2 - 236*n - 5. Give s(-15).
9
Suppose -1 = -2*y - 5*o, -2*y = -3*o - 100 + 107. Let h(n) = -11*n**2 - 6*n. Determine h(y).
-32
Let k = 2295 - 2296. Let v(g) = 65*g**2 - 2*g - 15. Let n(y) = 33*y**2 - y - 7. Let u(l) = 13*n(l) - 6*v(l). Determine u(k).
39
Let j(v) be the first derivative of v**4/2 - 6*v**3 - 15*v**2/2 - 21*v - 3195. Give j(10).
29
Let v(u) be the second derivative of u**4 - 5*u**3/6 + 2*u**2 - 2990*u. Calculate v(1).
11
Let x(q) = -4*q**2 + 24*q - 35. Suppose 0 = 44*c + 14*c - 37*c - 42. What is x(c)?
-3
Let j(t) be the first derivative of -t**5/120 - t**4/4 - 4*t**3/3 - 2*t**2 + 100. Let d(k) be the third derivative of j(k). What is d(-11)?
5
Let i(v) = -v**2 - v - 13. Suppose 2*t - 5 = r, -9*t = -7*t + r + 5. Let o(c) = c**2 + 3*c. Let z be o(t). What is i(z)?
-13
Let l(g) = g. Let a(u) = u**2 + 3*u + 7. Let c(s) = -a(s) - 3*l(s). Let i = 39 - 45. Let n be (i/(-7))/((-1)/7*1). Calculate c(n).
-7
Let z(h) be the third derivative of h**5/60 - 5*h**4/24 - h**3/6 - 2*h**2. Suppose -p = 2, -3*p = -2*c + 14 + 26. Suppose -9 = 2*k - c. What is z(k)?
-5
Let p(c) = c**2 + 8. Let q be p(0). Let w be 2*(-4)/q - -2. Let h(s) be the second derivative of 5*s**4/4 + s**2/2 - 129*s. What is h(w)?
16
Let q(m) = 2*m + 11. Let z(l) = l. Let w(f) = -q(f) + 3*z(f). Let t(a) = a**2 - 175*a - 4105. Let j be t(-21). Determine w(j).
0
Let b be (-4)/(-6)*(-96)/20*(-495)/132. Let p(n) = 5*n - 6. What is p(b)?
54
Let w(p) = 48*p + 23. Let y(l) = -26*l - 12. Let m = 597 + -608. Let o(t) = m*y(t) - 6*w(t). Suppose 2 = -u - 4. Give o(u).
6
Let n(i) = -22*i - 4397 + 1537 + 1532 + 1526. What is n(9)?
0
Let n(r) = 14*r + 8. Let s(k) be the second derivative of -5*k**3/6 - 3*k**2/2 - 49*k. Suppose -4*i - 3 = -19. Let w(x) = i*n(x) + 11*s(x). Calculate w(3).
2
Let o(a) = -a**2 + 10*a - 3. Suppose 3*r + 125 = -2*r. Suppose 5*p + 25 = 0, -n + p + 587 = 548. Let t = n + r. Give o(t).
6
Let k(m) = m**3 - 10*m**2 - 11*m + 3. Let l be -2*(118/(-4) - 0). Suppose 448*n - 1392 = 419*n. Let f = l - n. What is k(f)?
3
Suppose 0*k + 2*k + 4*c - 22 = 0, 10 = -2*k + 4*c. Let w(p) be the first derivative of -p**2 - 2*p + 18908. What is w(k)?
-8
Let c(y) = -5*y**2 + 1. Let v be 5/(-2) - (-35)/14. Suppose -2*a = 3*z + z + 6, v = -2*a - 3*z - 5. Calculate c(a).
-4
Let j = 569 + -563. Let c(a) = a**3 - 5*a**2 - 7*a - 1. Let d be c(j). Let t(p) = -1. Let r(q) = -q - 6. Let g(z) = r(z) - 5*t(z). Calculate g(d).
6
Let q(f) = -f**3 - 10*f**2 + 12*f + 14. Let h be (-655)/60 - (-28)/(-336). What is q(h)?
3
Let u(g) = g**3 - 5*g**2 - 4*g - 3. Let x be u(6). Let j(q) = 0*q**2 + q**2 - 4 - 6 + 11 - x*q. Calculate j(7).
-13
Let l = -59 + 60. Let w be 4 - (l - 4 - -3). Let p(q) = -w + 0 + 1 + 11 - 2*q. What is p(7)?
-6
Let f(s) = 2*s**2 - 11. Let h(v) = -13*v**2 + 12*v + 45. Let m(l) = -5*f(l) - h(l). Determine m(6).
46
Let a(k) = 4*k. Let p(f) = -6 - 1 + 15*f - 5 + 4. Let r(j) = -4*a(j) + p(j). Suppose 3*x = -2*x. Calculate r(x).
-8
Let u(t) = -t**3 - t. Suppose 3*q + 15 = -3*h, q - 14*h = -19*h - 9. Let m(s) = -1 - 4*s - 5*s**3 - 3*s**2 - s - 2. Let r(d) = q*u(d) + m(d). What is r(-3)?
0
Let a = -41 + 262. Suppose 2*t + 67 - a = 0. Let y(i) = 3 - 71*i - 3 + t*i. Determine y(-2).
-12
Let v be (-13672)/(-24) - ((-2)/6)/1. Let r(w) = w**2 + 5*w**2 + w**3 - v*w + 563*w - 7. Give r(-7).
-7
Let t(p) = -p**2 - 12*p - 2. Let d(r) = -443*r + 1762. Let j be d(4). Determine t(j).
18
Let l(w) = -43*w - 90. Let v(x) = -21*x - 47. Let b(r) = -2*l(r) + 5*v(r). Determine b(-3).
2
Let y(b) = -2*b**3 + 8*b**2 + 2*b - 1. Let m be (2 - 8) + -5 + 15. Give y(m).
7
Let y be -24 + 35 - (1 - -8) - 7. Let l(v) = -v + 15. Calculate l(y).
20
Let r(u) = -7 - 10*u + 24 - 8 - 1. Calculate r(8).
-72
Let i(w) = 2*w**2 - 9*w + 1. Let u = -14 + 45. Let o = u - 39. Let d be 3/(-3)*(o - (-2 - 0)). Calculate i(d).
19
Let s(q) = -q**3 + 8*q**2 + 8*q + 13. Let m(g) = 2*g**2 + 9*g - 9. Let d(k) = -21*k + 246. Let f be d(12). Let c be m(f). Determine s(c).
4
Suppose 0 = -2*u + g - 138, -5*u + 7*g = 6*g + 348. Let l be 2/(-5) - (-42)/u. Let i(q) = 4*q**2 + q + 1. Calculate i(l).
4
Let y be (3*(-1)/(-3))/(5/(-205)). Let g = -38 - y. Let a(x) = -5*x**3 - x**2 - 2*x. Let p(h) = 4*h**3 + 2*h + 1. Let q(m) = 3*a(m) + 4*p(m). Calculate q(g).
10
Let y be 6/28*7 + (-38)/(-4). Suppose -m + y = -5*p, 7*p + 4*m = 3*p - 28. Let b(v) = v**2 - 2*v - 1. Give b(p).
14
Let k = 10934 - 10942. Let r(b) = 2*b**3 + 17*b**2 + 10*b + 10. Calculate r(k).
-6
Let k be (-6 - -3)/(1/2). Let q(d) = -d**3 + d**2 + 10*d + 1. Let u(z) = 3*z**3 - 11*z**2 - 46*z - 12. Let r(x) = -4*q(x) - u(x). Give r(k).
8
Suppose 0 = 2*o + 5*m + 53, -2*o + 4*m - 8*m = 48. Let v(n) = 5*n**2 + 4600 - 13*n - 4588 - 6*n**2. Give v(o).
-2
Let j(p) = -49*p**2 + 45*p + 55. Let u(i) = -9*i**2 + 5. Let h(n) = j(n) - 5*u(n). What is h(12)?
-6
Let v be (-18)/((-20)/(-8) - 4). Let r(w) = 4*w**2 - 3*w - 6 + v*w - 2*w - w**3. Suppose -22*k + 15 = -17*k + 5*c, 0 = 5*k - 2*c - 29. Give r(k).
4
Let o(u) be the second derivative of -u**5/10 + 3*u**4/2 + u**3/3 - 21*u**2/2 + 314*u. Calculate o(9).
-3
Let j(w) = -7*w**2 - 2*w - 5. Let m(d) = -4*d**2 + d - 4. Let q(p) = 9*p**2 - 3*p + 9. Let f(o) = 10*m(o) + 4*q(o). Let h(x) = -3*f(x) + 2*j(x). Determine h(2).
-2
Let w(d) = 5*d**2 - 19*d + 9. Let a(b) = 6*b**2 - b + 9. Let f(g) = a(g) - w(g). Determine f(-18).
0
Let x(a) be the third derivative of a**5/60 + 3*a**4/4 - 20*a**3/3 + 2*a**2 - 6. Let z be x(-20). Let r(t) = -t**2 - 2*t + 5. What is r(z)?
5
Let n be (-44 + 43)/(2/14). Let d(a) = a**2 + 12*a + 4. What is d(n)?
-31
Let d(b) be the second derivative of 7*b**3/2 + 331*b**2/2 + 6598*b. What is d(-16)?
-5
Let p = -394 - -397. Let k(r) = -72*r**2 + 30*r**2 - 3*r**3 - 10*r + 2*r**p + 34*r**2 - 10 + 3. Determine k(-6).
-19
Let c(q) = q**2 - 2*q - 5. Let m(t) = -t**3 + 25*t**2 + 27*t - 23. Suppose -26 = -98*r + 97*r + 3*a, 5*r - 130 = -5*a. Let p be m(r). Calculate c(p).
-2
Let z(v) = -v**2 - 4*v + 26. Suppose 2568*b - 143 = 2581*b. Give z(b).
-51
Suppose 12*c = -7*c + 570. Suppose c*p - 42 + 12 = 0. Let r(k) = -32*k**3 - k + 1. What is r(p)?
-32
Let w(y) = -y**2 + 10*y - 8